{"id":6089,"date":"2023-01-03T14:37:11","date_gmt":"2023-01-03T14:37:11","guid":{"rendered":"https:\/\/dorfgeschichte-mettmenstetten.ch\/?page_id=6089"},"modified":"2023-10-22T09:17:24","modified_gmt":"2023-10-22T09:17:24","slug":"ueber-uns","status":"publish","type":"page","link":"https:\/\/dorfgeschichte-mettmenstetten.ch\/index.php\/ueber-uns\/","title":{"rendered":"\u00dcber uns"},"content":{"rendered":"\n<hr class=\"wp-block-separator has-css-opacity alignfull\"\/>\n\n\n\n<div class=\"wp-block-columns has-background is-layout-flex wp-container-core-columns-is-layout-7387b849 wp-block-columns-is-layout-flex\" style=\"background-color:#efefef\">\n<div class=\"wp-block-column is-layout-flow wp-block-column-is-layout-flow\" style=\"flex-basis:1px\"><\/div>\n\n\n\n<div class=\"wp-block-column is-layout-flow wp-block-column-is-layout-flow\">\n<p class=\"wp-block-paragraph\"><strong>Dorfgeschichte Mettmenstetten<\/strong><br>Wir m\u00f6chten&nbsp;mit Bildern, Fotos und \u00dcberlieferungen die Geschichte von Mettmenstetten unserer Nachwelt erhalten. Es ist nicht unser Ziel ein klassisches Museum aufzubauen, da sowohl in Affoltern\/Zwillikon wie auch in Maschwanden sehr attraktive Museen besichtigt werden k\u00f6nnen. In den letzten f\u00fcnf&nbsp;Jahren wurden Kenntnisse und Erfahrungen gesammelt und&nbsp;auch schon recht viel Material digitalisiert. <a rel=\"noreferrer noopener\" href=\"https:\/\/youtu.be\/Vi9zYRxA5e8\" target=\"_blank\"><\/a><\/p>\n\n\n\n<figure class=\"wp-block-image aligncenter size-large is-resized is-style-default\"><a href=\"https:\/\/dorfgeschichte-mettmenstetten.ch\/wp-content\/uploads\/2022\/11\/IG-Dorfgeschichte-Mettmenstetten-Mitglieder-1-scaled.jpg\" target=\"_blank\" rel=\"noopener\"><img loading=\"lazy\" decoding=\"async\" width=\"1024\" height=\"683\" src=\"https:\/\/dorfgeschichte-mettmenstetten.ch\/wp-content\/uploads\/2022\/11\/IG-Dorfgeschichte-Mettmenstetten-Mitglieder-1-1024x683.jpg\" alt=\"\" class=\"wp-image-5510\" srcset=\"https:\/\/dorfgeschichte-mettmenstetten.ch\/wp-content\/uploads\/2022\/11\/IG-Dorfgeschichte-Mettmenstetten-Mitglieder-1-1024x683.jpg 1024w, https:\/\/dorfgeschichte-mettmenstetten.ch\/wp-content\/uploads\/2022\/11\/IG-Dorfgeschichte-Mettmenstetten-Mitglieder-1-300x200.jpg 300w, https:\/\/dorfgeschichte-mettmenstetten.ch\/wp-content\/uploads\/2022\/11\/IG-Dorfgeschichte-Mettmenstetten-Mitglieder-1-150x100.jpg 150w, https:\/\/dorfgeschichte-mettmenstetten.ch\/wp-content\/uploads\/2022\/11\/IG-Dorfgeschichte-Mettmenstetten-Mitglieder-1-768x512.jpg 768w, https:\/\/dorfgeschichte-mettmenstetten.ch\/wp-content\/uploads\/2022\/11\/IG-Dorfgeschichte-Mettmenstetten-Mitglieder-1-1536x1024.jpg 1536w, https:\/\/dorfgeschichte-mettmenstetten.ch\/wp-content\/uploads\/2022\/11\/IG-Dorfgeschichte-Mettmenstetten-Mitglieder-1-2048x1365.jpg 2048w\" sizes=\"auto, (max-width: 1024px) 100vw, 1024px\" \/><\/a><figcaption class=\"wp-element-caption\"><strong>IG Dorfgeschichte Mettmenstetten<\/strong><\/figcaption><\/figure>\n\n\n\n<div class=\"wp-block-columns is-layout-flex wp-container-core-columns-is-layout-7387b849 wp-block-columns-is-layout-flex\">\n<div class=\"wp-block-column is-layout-flow wp-block-column-is-layout-flow\" style=\"flex-basis:15%\">\n<figure class=\"wp-block-image size-full is-resized\"><a href=\"https:\/\/www.facebook.com\/people\/Dorfgeschichte-Mettmenstetten\/100064338745670\/\" target=\"_blank\" rel=\"noreferrer noopener\"><img loading=\"lazy\" decoding=\"async\" width=\"66\" height=\"65\" src=\"https:\/\/dorfgeschichte-mettmenstetten.ch\/wp-content\/uploads\/2023\/10\/facebook.gif\" alt=\"\" class=\"wp-image-7504\" style=\"aspect-ratio:1.0153846153846153;width:43px;height:auto\"\/><\/a><\/figure>\n<\/div>\n\n\n\n<div class=\"wp-block-column is-layout-flow wp-block-column-is-layout-flow\" style=\"flex-basis:65%\">\n<p class=\"wp-block-paragraph\"><strong>Besuchen Sie uns auf Facebook oder Instagram.<\/strong><\/p>\n<\/div>\n\n\n\n<div class=\"wp-block-column is-layout-flow wp-block-column-is-layout-flow\" style=\"flex-basis:20%\">\n<figure class=\"wp-block-image size-full is-resized\"><a href=\"https:\/\/www.instagram.com\/dgmettmenstetten\/\" target=\"_blank\" rel=\"noreferrer noopener\"><img loading=\"lazy\" decoding=\"async\" width=\"225\" height=\"225\" src=\"https:\/\/dorfgeschichte-mettmenstetten.ch\/wp-content\/uploads\/2023\/10\/Instagram.jpeg\" alt=\"\" class=\"wp-image-7509\" style=\"aspect-ratio:1;width:49px;height:auto\" srcset=\"https:\/\/dorfgeschichte-mettmenstetten.ch\/wp-content\/uploads\/2023\/10\/Instagram.jpeg 225w, https:\/\/dorfgeschichte-mettmenstetten.ch\/wp-content\/uploads\/2023\/10\/Instagram-120x120.jpeg 120w\" sizes=\"auto, (max-width: 225px) 100vw, 225px\" \/><\/a><\/figure>\n<\/div>\n<\/div>\n<\/div>\n\n\n\n<div class=\"wp-block-column is-layout-flow wp-block-column-is-layout-flow\">\n<p class=\"wp-block-paragraph\">Dabei konnten wir vor allem auf eine Fotosammlung von Sepp Ott, auf Dokumentationen von Hans Huber-Hegglin zur 700-Jahrfeier der Eidgenossenschaft, sowie von Werner Eugster (900-Jahrfeier Mettmenstetten) zur\u00fcckgreifen. \u00a0 <\/p>\n\n\n\n<p class=\"wp-block-paragraph\"><strong>Wie k\u00f6nnen Sie vom Dorfgeschichte Archiv Mettmenstetten profitieren?<\/strong><br>Wir k\u00f6nnen Ihnen&nbsp;bei Bedarf digitale Kopien von&nbsp;alten Fotos resp. von alten&nbsp;Dokumenten zur Verf\u00fcgung stellen. Wir&nbsp;k\u00f6nnen Ihnen&nbsp;ggf. auch bei der \u00dcbersetzung von alten Dokumenten behilflich sein.<\/p>\n\n\n\n<p class=\"wp-block-paragraph\"><strong>Helfen Sie mit unser Archiv weiter auszubauen<\/strong><br>Alte Gegenst\u00e4nde interessieren uns nat\u00fcrlich weiterhin. Wir werden sie fotografieren, dokumentieren und auf Wunsch auch an benachbarte Dorfmuseen weitervermitteln. Speziell interessiert sind wir aber an Gegenst\u00e4nden, die einen direkten Bezug zu unserem Dorf haben. Wir helfen Ihnen gerne diese zu erhalten, zu pflegen, eventuell zu restaurieren und einen geeigneten Platz zu finden.<\/p>\n\n\n\n<p class=\"wp-block-paragraph\">Wir sind auch sehr interessiert an spannenden oder lustigen&nbsp;Anekdoten aus der Vergangenheit. Weiter f\u00fchren wir auch eine Datenbank mit aktuell 330 Klassen- oder Konf-Fotos. Helfen Sie mit den Inhalt dieser Datenbank zu erweitern und zu verbessern.<br><\/p>\n\n\n\n<div class=\"wp-block-media-text alignwide is-stacked-on-mobile\" style=\"grid-template-columns:15% auto\"><figure class=\"wp-block-media-text__media\"><a href=\"https:\/\/dorfgeschichte-mettmenstetten.ch\/index.php\/kontakt\/\" target=\"_blank\" rel=\"noopener\"><img loading=\"lazy\" decoding=\"async\" width=\"64\" height=\"64\" src=\"https:\/\/dorfgeschichte-mettmenstetten.ch\/wp-content\/uploads\/2021\/01\/Kontakt.jpg\" alt=\"\" class=\"wp-image-571 size-full\"\/><\/a><\/figure><div class=\"wp-block-media-text__content\">\n<p class=\"wp-block-paragraph\">Nehmen Sie Kontakt mit uns auf<\/p>\n<\/div><\/div>\n\n\n\n<p class=\"wp-block-paragraph\"><\/p>\n<\/div>\n<\/div>\n\n\n\n<p class=\"wp-block-paragraph\"><\/p>\n\n\n\n<p class=\"wp-block-paragraph\"><\/p>\n","protected":false},"excerpt":{"rendered":"<p>Dorfgeschichte MettmenstettenWir m\u00f6chten&nbsp;mit Bildern, Fotos und \u00dcberlieferungen die Geschichte von Mettmenstetten unserer Nachwelt erhalten. Es ist nicht unser Ziel ein klassisches Museum aufzubauen, da sowohl in Affoltern\/Zwillikon wie auch in Maschwanden sehr attraktive Museen besichtigt werden k\u00f6nnen. In den letzten f\u00fcnf&nbsp;Jahren wurden Kenntnisse und Erfahrungen gesammelt und&nbsp;auch schon recht viel Material digitalisiert. Besuchen Sie uns [&hellip;]<\/p>\n","protected":false},"author":2,"featured_media":0,"parent":0,"menu_order":0,"comment_status":"closed","ping_status":"closed","template":"","meta":{"_uag_custom_page_level_css":"","site-sidebar-layout":"no-sidebar","site-content-layout":"plain-container","ast-site-content-layout":"normal-width-container","site-content-style":"unboxed","site-sidebar-style":"unboxed","ast-global-header-display":"","ast-banner-title-visibility":"","ast-main-header-display":"","ast-hfb-above-header-display":"","ast-hfb-below-header-display":"","ast-hfb-mobile-header-display":"","site-post-title":"disabled","ast-breadcrumbs-content":"","ast-featured-img":"disabled","footer-sml-layout":"","ast-disable-related-posts":"","theme-transparent-header-meta":"default","adv-header-id-meta":"","stick-header-meta":"default","header-above-stick-meta":"","header-main-stick-meta":"","header-below-stick-meta":"","astra-migrate-meta-layouts":"set","ast-page-background-enabled":"default","ast-page-background-meta":{"desktop":{"background-color":"","background-image":"","background-repeat":"repeat","background-position":"center center","background-size":"auto","background-attachment":"scroll","background-type":"","background-media":"","overlay-type":"","overlay-color":"","overlay-opacity":"","overlay-gradient":""},"tablet":{"background-color":"","background-image":"","background-repeat":"repeat","background-position":"center center","background-size":"auto","background-attachment":"scroll","background-type":"","background-media":"","overlay-type":"","overlay-color":"","overlay-opacity":"","overlay-gradient":""},"mobile":{"background-color":"","background-image":"","background-repeat":"repeat","background-position":"center center","background-size":"auto","background-attachment":"scroll","background-type":"","background-media":"","overlay-type":"","overlay-color":"","overlay-opacity":"","overlay-gradient":""}},"ast-content-background-meta":{"desktop":{"background-color":"var(--ast-global-color-5)","background-image":"","background-repeat":"repeat","background-position":"center center","background-size":"auto","background-attachment":"scroll","background-type":"","background-media":"","overlay-type":"","overlay-color":"","overlay-opacity":"","overlay-gradient":""},"tablet":{"background-color":"var(--ast-global-color-5)","background-image":"","background-repeat":"repeat","background-position":"center center","background-size":"auto","background-attachment":"scroll","background-type":"","background-media":"","overlay-type":"","overlay-color":"","overlay-opacity":"","overlay-gradient":""},"mobile":{"background-color":"var(--ast-global-color-5)","background-image":"","background-repeat":"repeat","background-position":"center center","background-size":"auto","background-attachment":"scroll","background-type":"","background-media":"","overlay-type":"","overlay-color":"","overlay-opacity":"","overlay-gradient":""}},"footnotes":""},"class_list":["post-6089","page","type-page","status-publish","hentry"],"uagb_featured_image_src":{"full":false,"thumbnail":false,"medium":false,"medium_large":false,"large":false,"1536x1536":false,"2048x2048":false},"uagb_author_info":{"display_name":"Hans Hinnen","author_link":"https:\/\/dorfgeschichte-mettmenstetten.ch\/index.php\/author\/hh\/"},"uagb_comment_info":0,"uagb_excerpt":"Dorfgeschichte MettmenstettenWir m\u00f6chten&nbsp;mit Bildern, Fotos und \u00dcberlieferungen die Geschichte von Mettmenstetten unserer Nachwelt erhalten. Es ist nicht unser Ziel ein klassisches Museum aufzubauen, da sowohl in Affoltern\/Zwillikon wie auch in Maschwanden sehr attraktive Museen besichtigt werden k\u00f6nnen. In den letzten f\u00fcnf&nbsp;Jahren wurden Kenntnisse und Erfahrungen gesammelt und&nbsp;auch schon recht viel Material digitalisiert. Besuchen Sie uns&hellip;","_links":{"self":[{"href":"https:\/\/dorfgeschichte-mettmenstetten.ch\/index.php\/wp-json\/wp\/v2\/pages\/6089","targetHints":{"allow":["GET"]}}],"collection":[{"href":"https:\/\/dorfgeschichte-mettmenstetten.ch\/index.php\/wp-json\/wp\/v2\/pages"}],"about":[{"href":"https:\/\/dorfgeschichte-mettmenstetten.ch\/index.php\/wp-json\/wp\/v2\/types\/page"}],"author":[{"embeddable":true,"href":"https:\/\/dorfgeschichte-mettmenstetten.ch\/index.php\/wp-json\/wp\/v2\/users\/2"}],"replies":[{"embeddable":true,"href":"https:\/\/dorfgeschichte-mettmenstetten.ch\/index.php\/wp-json\/wp\/v2\/comments?post=6089"}],"version-history":[{"count":17,"href":"https:\/\/dorfgeschichte-mettmenstetten.ch\/index.php\/wp-json\/wp\/v2\/pages\/6089\/revisions"}],"predecessor-version":[{"id":7636,"href":"https:\/\/dorfgeschichte-mettmenstetten.ch\/index.php\/wp-json\/wp\/v2\/pages\/6089\/revisions\/7636"}],"wp:attachment":[{"href":"https:\/\/dorfgeschichte-mettmenstetten.ch\/index.php\/wp-json\/wp\/v2\/media?parent=6089"}],"curies":[{"name":"wp","href":"https:\/\/api.w.org\/{rel}","templated":true}]}}

Über uns

<hr class="wp-block-separator has-css-opacity alignfull"/>



<div class="wp-block-columns has-background is-layout-flex wp-container-core-columns-is-layout-7387b849 wp-block-columns-is-layout-flex" style="background-color:#efefef">
<div class="wp-block-column is-layout-flow wp-block-column-is-layout-flow" style="flex-basis:1px"></div>



<div class="wp-block-column is-layout-flow wp-block-column-is-layout-flow">
<p class="wp-block-paragraph"><strong>Dorfgeschichte Mettmenstetten</strong><br>Wir möchten&nbsp;mit Bildern, Fotos und Überlieferungen die Geschichte von Mettmenstetten unserer Nachwelt erhalten. Es ist nicht unser Ziel ein klassisches Museum aufzubauen, da sowohl in Affoltern/Zwillikon wie auch in Maschwanden sehr attraktive Museen besichtigt werden können. In den letzten fünf&nbsp;Jahren wurden Kenntnisse und Erfahrungen gesammelt und&nbsp;auch schon recht viel Material digitalisiert. <a rel="noreferrer noopener" href="https://youtu.be/Vi9zYRxA5e8" target="_blank"></a></p>



<figure class="wp-block-image aligncenter size-large is-resized is-style-default"><a href="https://dorfgeschichte-mettmenstetten.ch/wp-content/uploads/2022/11/IG-Dorfgeschichte-Mettmenstetten-Mitglieder-1-scaled.jpg" target="_blank" rel="noopener"><img loading="lazy" decoding="async" width="1024" height="683" src="https://dorfgeschichte-mettmenstetten.ch/wp-content/uploads/2022/11/IG-Dorfgeschichte-Mettmenstetten-Mitglieder-1-1024x683.jpg" alt="" class="wp-image-5510" srcset="https://dorfgeschichte-mettmenstetten.ch/wp-content/uploads/2022/11/IG-Dorfgeschichte-Mettmenstetten-Mitglieder-1-1024x683.jpg 1024w, https://dorfgeschichte-mettmenstetten.ch/wp-content/uploads/2022/11/IG-Dorfgeschichte-Mettmenstetten-Mitglieder-1-300x200.jpg 300w, https://dorfgeschichte-mettmenstetten.ch/wp-content/uploads/2022/11/IG-Dorfgeschichte-Mettmenstetten-Mitglieder-1-150x100.jpg 150w, https://dorfgeschichte-mettmenstetten.ch/wp-content/uploads/2022/11/IG-Dorfgeschichte-Mettmenstetten-Mitglieder-1-768x512.jpg 768w, https://dorfgeschichte-mettmenstetten.ch/wp-content/uploads/2022/11/IG-Dorfgeschichte-Mettmenstetten-Mitglieder-1-1536x1024.jpg 1536w, https://dorfgeschichte-mettmenstetten.ch/wp-content/uploads/2022/11/IG-Dorfgeschichte-Mettmenstetten-Mitglieder-1-2048x1365.jpg 2048w" sizes="auto, (max-width: 1024px) 100vw, 1024px" /></a><figcaption class="wp-element-caption"><strong>IG Dorfgeschichte Mettmenstetten</strong></figcaption></figure>



<div class="wp-block-columns is-layout-flex wp-container-core-columns-is-layout-7387b849 wp-block-columns-is-layout-flex">
<div class="wp-block-column is-layout-flow wp-block-column-is-layout-flow" style="flex-basis:15%">
<figure class="wp-block-image size-full is-resized"><a href="https://www.facebook.com/people/Dorfgeschichte-Mettmenstetten/100064338745670/" target="_blank" rel="noreferrer noopener"><img loading="lazy" decoding="async" width="66" height="65" src="https://dorfgeschichte-mettmenstetten.ch/wp-content/uploads/2023/10/facebook.gif" alt="" class="wp-image-7504" style="aspect-ratio:1.0153846153846153;width:43px;height:auto"/></a></figure>
</div>



<div class="wp-block-column is-layout-flow wp-block-column-is-layout-flow" style="flex-basis:65%">
<p class="wp-block-paragraph"><strong>Besuchen Sie uns auf Facebook oder Instagram.</strong></p>
</div>



<div class="wp-block-column is-layout-flow wp-block-column-is-layout-flow" style="flex-basis:20%">
<figure class="wp-block-image size-full is-resized"><a href="https://www.instagram.com/dgmettmenstetten/" target="_blank" rel="noreferrer noopener"><img loading="lazy" decoding="async" width="225" height="225" src="https://dorfgeschichte-mettmenstetten.ch/wp-content/uploads/2023/10/Instagram.jpeg" alt="" class="wp-image-7509" style="aspect-ratio:1;width:49px;height:auto" srcset="https://dorfgeschichte-mettmenstetten.ch/wp-content/uploads/2023/10/Instagram.jpeg 225w, https://dorfgeschichte-mettmenstetten.ch/wp-content/uploads/2023/10/Instagram-120x120.jpeg 120w" sizes="auto, (max-width: 225px) 100vw, 225px" /></a></figure>
</div>
</div>
</div>



<div class="wp-block-column is-layout-flow wp-block-column-is-layout-flow">
<p class="wp-block-paragraph">Dabei konnten wir vor allem auf eine Fotosammlung von Sepp Ott, auf Dokumentationen von Hans Huber-Hegglin zur 700-Jahrfeier der Eidgenossenschaft, sowie von Werner Eugster (900-Jahrfeier Mettmenstetten) zurückgreifen.   </p>



<p class="wp-block-paragraph"><strong>Wie können Sie vom Dorfgeschichte Archiv Mettmenstetten profitieren?</strong><br>Wir können Ihnen&nbsp;bei Bedarf digitale Kopien von&nbsp;alten Fotos resp. von alten&nbsp;Dokumenten zur Verfügung stellen. Wir&nbsp;können Ihnen&nbsp;ggf. auch bei der Übersetzung von alten Dokumenten behilflich sein.</p>



<p class="wp-block-paragraph"><strong>Helfen Sie mit unser Archiv weiter auszubauen</strong><br>Alte Gegenstände interessieren uns natürlich weiterhin. Wir werden sie fotografieren, dokumentieren und auf Wunsch auch an benachbarte Dorfmuseen weitervermitteln. Speziell interessiert sind wir aber an Gegenständen, die einen direkten Bezug zu unserem Dorf haben. Wir helfen Ihnen gerne diese zu erhalten, zu pflegen, eventuell zu restaurieren und einen geeigneten Platz zu finden.</p>



<p class="wp-block-paragraph">Wir sind auch sehr interessiert an spannenden oder lustigen&nbsp;Anekdoten aus der Vergangenheit. Weiter führen wir auch eine Datenbank mit aktuell 330 Klassen- oder Konf-Fotos. Helfen Sie mit den Inhalt dieser Datenbank zu erweitern und zu verbessern.<br></p>



<div class="wp-block-media-text alignwide is-stacked-on-mobile" style="grid-template-columns:15% auto"><figure class="wp-block-media-text__media"><a href="https://dorfgeschichte-mettmenstetten.ch/index.php/kontakt/" target="_blank" rel="noopener"><img loading="lazy" decoding="async" width="64" height="64" src="https://dorfgeschichte-mettmenstetten.ch/wp-content/uploads/2021/01/Kontakt.jpg" alt="" class="wp-image-571 size-full"/></a></figure><div class="wp-block-media-text__content">
<p class="wp-block-paragraph">Nehmen Sie Kontakt mit uns auf</p>
</div></div>



<p class="wp-block-paragraph"></p>
</div>
</div>



<p class="wp-block-paragraph"></p>



<p class="wp-block-paragraph"></p>

<p>Dorfgeschichte MettmenstettenWir möchten&nbsp;mit Bildern, Fotos und Überlieferungen die Geschichte von Mettmenstetten unserer Nachwelt erhalten. Es ist nicht unser Ziel ein klassisches Museum aufzubauen, da sowohl in Affoltern/Zwillikon wie auch in Maschwanden sehr attraktive Museen besichtigt werden können. In den letzten fünf&nbsp;Jahren wurden Kenntnisse und Erfahrungen gesammelt und&nbsp;auch schon recht viel Material digitalisiert. Besuchen Sie uns [&hellip;]</p>

Dorfgeschichte MettmenstettenWir möchten&nbsp;mit Bildern, Fotos und Überlieferungen die Geschichte von Mettmenstetten unserer Nachwelt erhalten. Es ist nicht unser Ziel ein klassisches Museum aufzubauen, da sowohl in Affoltern/Zwillikon wie auch in Maschwanden sehr attraktive Museen besichtigt werden können. In den letzten fünf&nbsp;Jahren wurden Kenntnisse und Erfahrungen gesammelt und&nbsp;auch schon recht viel Material digitalisiert. Besuchen Sie uns&hellip;
