{"id":6916,"date":"2023-05-01T12:31:42","date_gmt":"2023-05-01T12:31:42","guid":{"rendered":"https:\/\/dorfgeschichte-mettmenstetten.ch\/?page_id=6916"},"modified":"2024-06-13T07:29:29","modified_gmt":"2024-06-13T07:29:29","slug":"maettmiwaeg","status":"publish","type":"page","link":"https:\/\/dorfgeschichte-mettmenstetten.ch\/index.php\/maettmiwaeg\/","title":{"rendered":"M\u00e4ttmiw\u00e4g Uebersicht"},"content":{"rendered":"\n<div class=\"wp-block-columns is-layout-flex wp-container-core-columns-is-layout-7387b849 wp-block-columns-is-layout-flex\">\n<div class=\"wp-block-column is-layout-flow wp-block-column-is-layout-flow\" style=\"flex-basis:135px\"><\/div>\n\n\n\n<div class=\"wp-block-column is-layout-flow wp-block-column-is-layout-flow\" style=\"flex-basis:50%\">\n<p class=\"has-medium-font-size wp-block-paragraph\"><strong>M\u00e4ttmiw\u00e4g-Netz<\/strong><\/p>\n<\/div>\n\n\n\n<div class=\"wp-block-column is-layout-flow wp-block-column-is-layout-flow\" style=\"flex-basis:25%\"><\/div>\n<\/div>\n\n\n\n<div class=\"wp-block-columns is-layout-flex wp-container-core-columns-is-layout-7387b849 wp-block-columns-is-layout-flex\">\n<div class=\"wp-block-column is-layout-flow wp-block-column-is-layout-flow\" style=\"flex-basis:135px\"><\/div>\n\n\n\n<div class=\"wp-block-column is-layout-flow wp-block-column-is-layout-flow\" style=\"flex-basis:60%\">\n<p align=\"justify\">\nDie Gemeinde Mettmenstetten feierte 2016 ihr 900-j\u00e4hriges Bestehen. Genauer genommen feiert sie den 900. Jahrestag der ersten noch erhaltenen Urkunde von Papst Paschalis II., in der er am 29. Januar 1116 dem Kloster Pf\u00e4fers (SG) den Besitz einer Hofstatt bei der Kirche von Metemunstat bescheinigt. Zu diesem Jubil\u00e4um wurde der M\u00e4ttmi*W\u00e4g ins Leben gerufen, ein Weg, der an den sch\u00f6nsten Stellen unseres Dorfes vorbeif\u00fchrt und den Interessierten Wissenswertes, \u00dcberraschendes, aber auch Altbekanntes und Anekdotisches zur Gemeinde und ihrer Geschichte vermitteln soll.\n<\/p>\n<\/div>\n\n\n\n<div class=\"wp-block-column is-layout-flow wp-block-column-is-layout-flow\" style=\"flex-basis:20%\"><\/div>\n<\/div>\n\n\n\n<div style=\"height:55px\" aria-hidden=\"true\" class=\"wp-block-spacer\"><\/div>\n\n\n\n<div class=\"wp-block-columns is-layout-flex wp-container-core-columns-is-layout-7387b849 wp-block-columns-is-layout-flex\">\n<div class=\"wp-block-column is-layout-flow wp-block-column-is-layout-flow\" style=\"flex-basis:135px\"><\/div>\n\n\n\n<div class=\"wp-block-column is-layout-flow wp-block-column-is-layout-flow\" style=\"flex-basis:25%\">\n<p class=\"wp-block-paragraph\"><strong><a href=\"\/index.php\/maettmiwaeg\/\">\u00dcbersicht alle Wege<\/a><\/strong><\/p>\n\n\n\n<p class=\"wp-block-paragraph\"><strong><a href=\"\/index.php\/maettmiwaeg-1-dorf\">(1) Route Dorf 2.6 km<br><\/a><\/strong><a href=\"\/index.php\/maettmiwaeg-2-rossau-variante-sternen\"><strong>(2a) Route Rossau Sternen 8.5 km<\/strong><br><\/a><strong><a href=\"\/index.php\/maettmiwaeg-2-rossau-variante-badi\">(2b) Route Rossau-Badi 7.4 km<br><\/a><a href=\"\/index.php\/maettmiwaeg-3-dachlissen\">(3) Route Dachlissen 6.4 km<br><\/a><a href=\"\/index.php\/maettmiwaeg-4-grossholz\">(4) Route Grossholz 6.2. km<br><\/a><\/strong><a href=\"\/index.php\/maettmiwaeg-5-herferswil\"><strong>(5) Route Herferswil<\/strong><br><\/a><\/p>\n\n\n\n<p class=\"has-luminous-vivid-amber-background-color has-background wp-block-paragraph\"><strong><a href=\"https:\/\/dorfgeschichte-mettmenstetten.ch\/index.php\/smartguide\/\">Mit SmartGuide App M\u00e4ttmi kennenlernen (klick)<\/a><\/strong><\/p>\n<\/div>\n\n\n\n<div class=\"wp-block-column is-layout-flow wp-block-column-is-layout-flow\" style=\"flex-basis:70%\">\n<figure data-wp-context=\"{&quot;imageId&quot;:&quot;6a99099c32f9e&quot;}\" data-wp-interactive=\"core\/image\" data-wp-key=\"6a99099c32f9e\" class=\"wp-block-image size-large is-resized wp-lightbox-container\"><img loading=\"lazy\" decoding=\"async\" width=\"717\" height=\"1024\" data-wp-class--hide=\"state.isContentHidden\" data-wp-class--show=\"state.isContentVisible\" data-wp-init=\"callbacks.setButtonStyles\" data-wp-on--click=\"actions.showLightbox\" data-wp-on--load=\"callbacks.setButtonStyles\" data-wp-on--pointerdown=\"actions.preloadImage\" data-wp-on--pointerenter=\"actions.preloadImageWithDelay\" data-wp-on--pointerleave=\"actions.cancelPreload\" data-wp-on-window--resize=\"callbacks.setButtonStyles\" src=\"https:\/\/dorfgeschichte-mettmenstetten.ch\/wp-content\/uploads\/2024\/02\/route-maettmiweg-v7-717x1024.jpg\" alt=\"\" class=\"wp-image-7977\" style=\"width:392px;height:auto\" srcset=\"https:\/\/dorfgeschichte-mettmenstetten.ch\/wp-content\/uploads\/2024\/02\/route-maettmiweg-v7-717x1024.jpg 717w, https:\/\/dorfgeschichte-mettmenstetten.ch\/wp-content\/uploads\/2024\/02\/route-maettmiweg-v7-210x300.jpg 210w, https:\/\/dorfgeschichte-mettmenstetten.ch\/wp-content\/uploads\/2024\/02\/route-maettmiweg-v7-84x120.jpg 84w, https:\/\/dorfgeschichte-mettmenstetten.ch\/wp-content\/uploads\/2024\/02\/route-maettmiweg-v7-768x1096.jpg 768w, https:\/\/dorfgeschichte-mettmenstetten.ch\/wp-content\/uploads\/2024\/02\/route-maettmiweg-v7-1076x1536.jpg 1076w, https:\/\/dorfgeschichte-mettmenstetten.ch\/wp-content\/uploads\/2024\/02\/route-maettmiweg-v7.jpg 1200w\" sizes=\"auto, (max-width: 717px) 100vw, 717px\" \/><button\n\t\t\tclass=\"lightbox-trigger\"\n\t\t\ttype=\"button\"\n\t\t\taria-haspopup=\"dialog\"\n\t\t\tdata-wp-bind--aria-label=\"state.thisImage.triggerButtonAriaLabel\"\n\t\t\tdata-wp-init=\"callbacks.initTriggerButton\"\n\t\t\tdata-wp-on--click=\"actions.showLightbox\"\n\t\t\tdata-wp-style--right=\"state.thisImage.buttonRight\"\n\t\t\tdata-wp-style--top=\"state.thisImage.buttonTop\"\n\t\t>\n\t\t\t<svg xmlns=\"http:\/\/www.w3.org\/2000\/svg\" width=\"12\" height=\"12\" fill=\"none\" viewBox=\"0 0 12 12\">\n\t\t\t\t<path fill=\"#fff\" d=\"M2 0a2 2 0 0 0-2 2v2h1.5V2a.5.5 0 0 1 .5-.5h2V0H2Zm2 10.5H2a.5.5 0 0 1-.5-.5V8H0v2a2 2 0 0 0 2 2h2v-1.5ZM8 12v-1.5h2a.5.5 0 0 0 .5-.5V8H12v2a2 2 0 0 1-2 2H8Zm2-12a2 2 0 0 1 2 2v2h-1.5V2a.5.5 0 0 0-.5-.5H8V0h2Z\" \/>\n\t\t\t<\/svg>\n\t\t<\/button><\/figure>\n<\/div>\n<\/div>\n","protected":false},"excerpt":{"rendered":"<p>M\u00e4ttmiw\u00e4g-Netz Die Gemeinde Mettmenstetten feierte 2016 ihr 900-j\u00e4hriges Bestehen. Genauer genommen feiert sie den 900. Jahrestag der ersten noch erhaltenen Urkunde von Papst Paschalis II., in der er am 29. Januar 1116 dem Kloster Pf\u00e4fers (SG) den Besitz einer Hofstatt bei der Kirche von Metemunstat bescheinigt. Zu diesem Jubil\u00e4um wurde der M\u00e4ttmi*W\u00e4g ins Leben gerufen, [&hellip;]<\/p>\n","protected":false},"author":2,"featured_media":0,"parent":0,"menu_order":0,"comment_status":"closed","ping_status":"closed","template":"","meta":{"_uag_custom_page_level_css":"","site-sidebar-layout":"default","site-content-layout":"default","ast-site-content-layout":"default","site-content-style":"default","site-sidebar-style":"default","ast-global-header-display":"","ast-banner-title-visibility":"","ast-main-header-display":"","ast-hfb-above-header-display":"","ast-hfb-below-header-display":"","ast-hfb-mobile-header-display":"","site-post-title":"","ast-breadcrumbs-content":"","ast-featured-img":"","footer-sml-layout":"","ast-disable-related-posts":"","theme-transparent-header-meta":"default","adv-header-id-meta":"","stick-header-meta":"default","header-above-stick-meta":"","header-main-stick-meta":"","header-below-stick-meta":"","astra-migrate-meta-layouts":"set","ast-page-background-enabled":"default","ast-page-background-meta":{"desktop":{"background-color":"","background-image":"","background-repeat":"repeat","background-position":"center center","background-size":"auto","background-attachment":"scroll","background-type":"","background-media":"","overlay-type":"","overlay-color":"","overlay-opacity":"","overlay-gradient":""},"tablet":{"background-color":"","background-image":"","background-repeat":"repeat","background-position":"center center","background-size":"auto","background-attachment":"scroll","background-type":"","background-media":"","overlay-type":"","overlay-color":"","overlay-opacity":"","overlay-gradient":""},"mobile":{"background-color":"","background-image":"","background-repeat":"repeat","background-position":"center center","background-size":"auto","background-attachment":"scroll","background-type":"","background-media":"","overlay-type":"","overlay-color":"","overlay-opacity":"","overlay-gradient":""}},"ast-content-background-meta":{"desktop":{"background-color":"var(--ast-global-color-5)","background-image":"","background-repeat":"repeat","background-position":"center center","background-size":"auto","background-attachment":"scroll","background-type":"","background-media":"","overlay-type":"","overlay-color":"","overlay-opacity":"","overlay-gradient":""},"tablet":{"background-color":"var(--ast-global-color-5)","background-image":"","background-repeat":"repeat","background-position":"center center","background-size":"auto","background-attachment":"scroll","background-type":"","background-media":"","overlay-type":"","overlay-color":"","overlay-opacity":"","overlay-gradient":""},"mobile":{"background-color":"var(--ast-global-color-5)","background-image":"","background-repeat":"repeat","background-position":"center center","background-size":"auto","background-attachment":"scroll","background-type":"","background-media":"","overlay-type":"","overlay-color":"","overlay-opacity":"","overlay-gradient":""}},"footnotes":""},"class_list":["post-6916","page","type-page","status-publish","hentry"],"uagb_featured_image_src":{"full":false,"thumbnail":false,"medium":false,"medium_large":false,"large":false,"1536x1536":false,"2048x2048":false},"uagb_author_info":{"display_name":"Hans Hinnen","author_link":"https:\/\/dorfgeschichte-mettmenstetten.ch\/index.php\/author\/hh\/"},"uagb_comment_info":0,"uagb_excerpt":"M\u00e4ttmiw\u00e4g-Netz Die Gemeinde Mettmenstetten feierte 2016 ihr 900-j\u00e4hriges Bestehen. Genauer genommen feiert sie den 900. Jahrestag der ersten noch erhaltenen Urkunde von Papst Paschalis II., in der er am 29. Januar 1116 dem Kloster Pf\u00e4fers (SG) den Besitz einer Hofstatt bei der Kirche von Metemunstat bescheinigt. Zu diesem Jubil\u00e4um wurde der M\u00e4ttmi*W\u00e4g ins Leben gerufen,&hellip;","_links":{"self":[{"href":"https:\/\/dorfgeschichte-mettmenstetten.ch\/index.php\/wp-json\/wp\/v2\/pages\/6916","targetHints":{"allow":["GET"]}}],"collection":[{"href":"https:\/\/dorfgeschichte-mettmenstetten.ch\/index.php\/wp-json\/wp\/v2\/pages"}],"about":[{"href":"https:\/\/dorfgeschichte-mettmenstetten.ch\/index.php\/wp-json\/wp\/v2\/types\/page"}],"author":[{"embeddable":true,"href":"https:\/\/dorfgeschichte-mettmenstetten.ch\/index.php\/wp-json\/wp\/v2\/users\/2"}],"replies":[{"embeddable":true,"href":"https:\/\/dorfgeschichte-mettmenstetten.ch\/index.php\/wp-json\/wp\/v2\/comments?post=6916"}],"version-history":[{"count":41,"href":"https:\/\/dorfgeschichte-mettmenstetten.ch\/index.php\/wp-json\/wp\/v2\/pages\/6916\/revisions"}],"predecessor-version":[{"id":8251,"href":"https:\/\/dorfgeschichte-mettmenstetten.ch\/index.php\/wp-json\/wp\/v2\/pages\/6916\/revisions\/8251"}],"wp:attachment":[{"href":"https:\/\/dorfgeschichte-mettmenstetten.ch\/index.php\/wp-json\/wp\/v2\/media?parent=6916"}],"curies":[{"name":"wp","href":"https:\/\/api.w.org\/{rel}","templated":true}]}}

Mättmiwäg Uebersicht

<div class="wp-block-columns is-layout-flex wp-container-core-columns-is-layout-7387b849 wp-block-columns-is-layout-flex">
<div class="wp-block-column is-layout-flow wp-block-column-is-layout-flow" style="flex-basis:135px"></div>



<div class="wp-block-column is-layout-flow wp-block-column-is-layout-flow" style="flex-basis:50%">
<p class="has-medium-font-size wp-block-paragraph"><strong>Mättmiwäg-Netz</strong></p>
</div>



<div class="wp-block-column is-layout-flow wp-block-column-is-layout-flow" style="flex-basis:25%"></div>
</div>



<div class="wp-block-columns is-layout-flex wp-container-core-columns-is-layout-7387b849 wp-block-columns-is-layout-flex">
<div class="wp-block-column is-layout-flow wp-block-column-is-layout-flow" style="flex-basis:135px"></div>



<div class="wp-block-column is-layout-flow wp-block-column-is-layout-flow" style="flex-basis:60%">
<p align="justify">
Die Gemeinde Mettmenstetten feierte 2016 ihr 900-jähriges Bestehen. Genauer genommen feiert sie den 900. Jahrestag der ersten noch erhaltenen Urkunde von Papst Paschalis II., in der er am 29. Januar 1116 dem Kloster Pfäfers (SG) den Besitz einer Hofstatt bei der Kirche von Metemunstat bescheinigt. Zu diesem Jubiläum wurde der Mättmi*Wäg ins Leben gerufen, ein Weg, der an den schönsten Stellen unseres Dorfes vorbeiführt und den Interessierten Wissenswertes, Überraschendes, aber auch Altbekanntes und Anekdotisches zur Gemeinde und ihrer Geschichte vermitteln soll.
</p>
</div>



<div class="wp-block-column is-layout-flow wp-block-column-is-layout-flow" style="flex-basis:20%"></div>
</div>



<div style="height:55px" aria-hidden="true" class="wp-block-spacer"></div>



<div class="wp-block-columns is-layout-flex wp-container-core-columns-is-layout-7387b849 wp-block-columns-is-layout-flex">
<div class="wp-block-column is-layout-flow wp-block-column-is-layout-flow" style="flex-basis:135px"></div>



<div class="wp-block-column is-layout-flow wp-block-column-is-layout-flow" style="flex-basis:25%">
<p class="wp-block-paragraph"><strong><a href="/index.php/maettmiwaeg/">Übersicht alle Wege</a></strong></p>



<p class="wp-block-paragraph"><strong><a href="/index.php/maettmiwaeg-1-dorf">(1) Route Dorf 2.6 km<br></a></strong><a href="/index.php/maettmiwaeg-2-rossau-variante-sternen"><strong>(2a) Route Rossau Sternen 8.5 km</strong><br></a><strong><a href="/index.php/maettmiwaeg-2-rossau-variante-badi">(2b) Route Rossau-Badi 7.4 km<br></a><a href="/index.php/maettmiwaeg-3-dachlissen">(3) Route Dachlissen 6.4 km<br></a><a href="/index.php/maettmiwaeg-4-grossholz">(4) Route Grossholz 6.2. km<br></a></strong><a href="/index.php/maettmiwaeg-5-herferswil"><strong>(5) Route Herferswil</strong><br></a></p>



<p class="has-luminous-vivid-amber-background-color has-background wp-block-paragraph"><strong><a href="https://dorfgeschichte-mettmenstetten.ch/index.php/smartguide/">Mit SmartGuide App Mättmi kennenlernen (klick)</a></strong></p>
</div>



<div class="wp-block-column is-layout-flow wp-block-column-is-layout-flow" style="flex-basis:70%">
<figure data-wp-context="{&quot;imageId&quot;:&quot;6a99099c32f9e&quot;}" data-wp-interactive="core/image" data-wp-key="6a99099c32f9e" class="wp-block-image size-large is-resized wp-lightbox-container"><img loading="lazy" decoding="async" width="717" height="1024" data-wp-class--hide="state.isContentHidden" data-wp-class--show="state.isContentVisible" data-wp-init="callbacks.setButtonStyles" data-wp-on--click="actions.showLightbox" data-wp-on--load="callbacks.setButtonStyles" data-wp-on--pointerdown="actions.preloadImage" data-wp-on--pointerenter="actions.preloadImageWithDelay" data-wp-on--pointerleave="actions.cancelPreload" data-wp-on-window--resize="callbacks.setButtonStyles" src="https://dorfgeschichte-mettmenstetten.ch/wp-content/uploads/2024/02/route-maettmiweg-v7-717x1024.jpg" alt="" class="wp-image-7977" style="width:392px;height:auto" srcset="https://dorfgeschichte-mettmenstetten.ch/wp-content/uploads/2024/02/route-maettmiweg-v7-717x1024.jpg 717w, https://dorfgeschichte-mettmenstetten.ch/wp-content/uploads/2024/02/route-maettmiweg-v7-210x300.jpg 210w, https://dorfgeschichte-mettmenstetten.ch/wp-content/uploads/2024/02/route-maettmiweg-v7-84x120.jpg 84w, https://dorfgeschichte-mettmenstetten.ch/wp-content/uploads/2024/02/route-maettmiweg-v7-768x1096.jpg 768w, https://dorfgeschichte-mettmenstetten.ch/wp-content/uploads/2024/02/route-maettmiweg-v7-1076x1536.jpg 1076w, https://dorfgeschichte-mettmenstetten.ch/wp-content/uploads/2024/02/route-maettmiweg-v7.jpg 1200w" sizes="auto, (max-width: 717px) 100vw, 717px" /><button
			class="lightbox-trigger"
			type="button"
			aria-haspopup="dialog"
			data-wp-bind--aria-label="state.thisImage.triggerButtonAriaLabel"
			data-wp-init="callbacks.initTriggerButton"
			data-wp-on--click="actions.showLightbox"
			data-wp-style--right="state.thisImage.buttonRight"
			data-wp-style--top="state.thisImage.buttonTop"
		>
			<svg xmlns="http://www.w3.org/2000/svg" width="12" height="12" fill="none" viewBox="0 0 12 12">
				<path fill="#fff" d="M2 0a2 2 0 0 0-2 2v2h1.5V2a.5.5 0 0 1 .5-.5h2V0H2Zm2 10.5H2a.5.5 0 0 1-.5-.5V8H0v2a2 2 0 0 0 2 2h2v-1.5ZM8 12v-1.5h2a.5.5 0 0 0 .5-.5V8H12v2a2 2 0 0 1-2 2H8Zm2-12a2 2 0 0 1 2 2v2h-1.5V2a.5.5 0 0 0-.5-.5H8V0h2Z" />
			</svg>
		</button></figure>
</div>
</div>

<p>Mättmiwäg-Netz Die Gemeinde Mettmenstetten feierte 2016 ihr 900-jähriges Bestehen. Genauer genommen feiert sie den 900. Jahrestag der ersten noch erhaltenen Urkunde von Papst Paschalis II., in der er am 29. Januar 1116 dem Kloster Pfäfers (SG) den Besitz einer Hofstatt bei der Kirche von Metemunstat bescheinigt. Zu diesem Jubiläum wurde der Mättmi*Wäg ins Leben gerufen, [&hellip;]</p>

Mättmiwäg-Netz Die Gemeinde Mettmenstetten feierte 2016 ihr 900-jähriges Bestehen. Genauer genommen feiert sie den 900. Jahrestag der ersten noch erhaltenen Urkunde von Papst Paschalis II., in der er am 29. Januar 1116 dem Kloster Pfäfers (SG) den Besitz einer Hofstatt bei der Kirche von Metemunstat bescheinigt. Zu diesem Jubiläum wurde der Mättmi*Wäg ins Leben gerufen,&hellip;
